l).
-4
Let y(s) be the first derivative of 1/2*s**2 + 1/4*s**4 + 1/3*s**3 + 0*s - 6. Let a(c) = 4*c**3 + 8*c**2 + 3*c - 7. Let h(n) = a(n) - 3*y(n). Give h(-5).
-7
Let a = -296 + 296. Suppose a = 5*w + 25, -4*y = -4*w - 34 - 2. Let z(v) = -v + 2. What is z(y)?
-2
Let y(t) = 75*t - 19. Let p(x) = 23*x - 6. Let f(h) = -13*p(h) + 4*y(h). Give f(-6).
-4
Let f(h) = 2558*h**2 - 2 - 4*h - 3*h - 10*h + 9 - 2559*h**2. Give f(-9).
79
Suppose -6*l - 524 = 130. Let n = 116 + l. Let k(s) = -s**2 + 6*s + 5. What is k(n)?
-2
Let x(m) = 3*m**3 - 6*m**2 + 9*m + 8. Let o(q) = 2*q**3 + q**2 - 2. Let s(t) = -o(t) + x(t). Determine s(5).
5
Let z(p) = -31*p - 153. Let u(r) = 128*r + 627. Let o(h) = -2*u(h) - 9*z(h). Calculate o(-6).
-15
Suppose 29*x + 54*x = 332. Let y(v) = 2*v**3 + 3*v**2 - 5*v. What is y(x)?
156
Let v(d) = -16*d + 10. Let o(h) = 11*h - 7. Let p(j) = -7*o(j) - 5*v(j). Let f(u) = -u**3 + 11*u**2 - 19*u + 852. Let n be f(14). Determine p(n).
-7
Suppose 3*h = 3*b - 4509, h + 6 = -2*h. Suppose -11*r + b = 324. Suppose 0 = 3*t + 89 - r. Let w(f) = 3*f - 7. Calculate w(t).
11
Let k be ((-806)/(-156))/((-5)/(-30))*1. Let a(u) = 2*u**2 - 62*u - 12. Determine a(k).
-12
Let l(h) = -2*h**2 + 23*h - 31. Let f be (-10)/((2/12)/(14/(-84))). Calculate l(f).
-1
Let u be (4/(-6))/((-1)/(-21)). Let f = u - -16. Let d(s) = -s + s - s**f + 5*s. Calculate d(5).
0
Let w(k) = -k**2 - 9*k - 9. Let y(o) = 2*o**2 + 18*o + 19. Let f(j) = -9*w(j) - 4*y(j). Let x be (816/(-54))/34 - (339/27 + -5). Give f(x).
-3
Let m(n) = -3*n - 8. Let f(k) = -89*k - 323. Let a be f(-4). Suppose -39*w - a = 84. Calculate m(w).
1
Let u(t) = -t**3 + 2*t**2 + 3*t + 1. Let j be u(-2). Let x(z) be the first derivative of 3*z**2/2 - 12*z - 209452. What is x(j)?
21
Suppose -12 = -4*j, 2*w + 2 = -4*j + 18. Let g(v) = -3*v**3 - 546 - 2*v**2 + 6*v**2 + w*v**3 + v + 550. Calculate g(4).
8
Let t(n) = 7*n - 1760*n**2 + 1759*n**2 + 21*n - 18 + 9 - 86. Calculate t(25).
-20
Let f be 1/(-8)*-2 - (-203)/116. Let y = 144 - 142. Let z(r) = -r**2 + f*r**y + 3 - r - 12 - 5*r. What is z(8)?
7
Let g(u) = -25*u**3 + 4*u**2 + 10*u - 16. Let b(w) = -4*w**3 - w**2 + 3*w - 1. Let y(o) = 6*b(o) - g(o). What is y(7)?
-81
Let c(h) = 3 + h**2 - 3*h + h - 3*h + 0*h**2. Let l(a) = -2*a - 23. Let r(x) = -3*x - 24. Let v(w) = -5*l(w) + 4*r(w). Let m be v(6). Determine c(m).
17
Let v = 397 + -392. Let u(z) = 12*z - v + 0 - 8*z + 2 - 10*z. What is u(3)?
-21
Let c be 5*(21/(-42))/((-2)/4). Let k(y) = 2*y - 5*y - 3*y + c*y - 4 - 1. Give k(-6).
1
Let o(c) = 14*c**2 + 1. Let u be 522/(-4)*6/9. Let n = -86 - u. Give o(n).
15
Let a(x) be the first derivative of x**4/4 - 9*x**3 - x**2 + 62*x + 2043. What is a(27)?
8
Suppose -2*j + 5*j = 6. Let v(b) = 14*b**j + b - 2 - 30*b**2 + 3 + 7*b**2 + 6*b**2. What is v(3)?
-23
Suppose 4*g - 98 = 2*g. Let o = -52 + g. Let s be (4 + -4)/((-3)/o - 2). Let l(c) = -c**2 + c - 10. Give l(s).
-10
Suppose 235 - 229 = 2*k. Let c(l) = 136*l + 4. Let t be c(3). Let h(g) = -g**3 - k*g**2 - t + 2*g + 412. Determine h(-3).
-6
Let u(v) = -24*v**3 - 52*v**2 + 136*v + 123. Let p(x) = -17*x**3 - 37*x**2 + 97*x + 88. Let a(z) = -17*p(z) + 12*u(z). Determine a(-7).
1
Suppose 0 = -4*q - d + 67, 4*q - 14*d + 13*d = 69. Let s(a) = 3*a - 55. What is s(q)?
-4
Let o = 110 + -108. Suppose -3*w + o*w + 8 = 0. Let k be 34/w + 9/12. Let l(m) = -m**3 + 5*m**2 + 2*m + 3. Determine l(k).
13
Let g(t) = -1. Let l(x) = -x**2 + 2*x + 55. Let a(w) = -4*g(w) - l(w). Let h(b) be the first derivative of a(b). What is h(6)?
10
Let l be (-1 + 4)*(-2)/6. Let j(r) = -2*r**2 + 96 - 280*r + 140*r - 97 + 138*r - 6*r**3 + 0*r**2. Calculate j(l).
5
Suppose -4*b = 20 + 12. Let q(v) be the third derivative of -v**6/120 - 3*v**5/20 - 5*v**4/24 - 2*v**3/3 + 131817*v**2. Calculate q(b).
-28
Suppose -25*q = -27*q + 3*s - 13, -8*q - 19 = -s. Let i(z) = 8*z**2 + 17*z + 4. Calculate i(q).
2
Let o(f) = 3*f - 7. Suppose 0 = -i - 2*y + 2 + 2, -i + 4 = -y. Suppose i*p = -3*a - 25 - 19, -23 = a + 3*p. Calculate o(a).
-31
Let y(w) = -23*w + 57. Let x(u) = 8*u - 19. Let h(n) = -11*x(n) - 4*y(n). Let v(o) = 70*o + 2945. Let i be v(-42). Calculate h(i).
1
Let l(g) be the second derivative of -7*g**3/6 + g**2 + 2*g. Let p be 1*-16 + 188 + -169. Calculate l(p).
-19
Let l(y) = 1 + 77*y - 293*y + 91*y + 146*y. Calculate l(0).
1
Suppose 3*r - 3 - 12 = 0. Let a(o) = o**2 + 0 - 10*o**3 - r*o + 2 - 1 + 4*o. Let c = 17155 + -17154. Determine a(c).
-9
Let o(l) be the third derivative of 0 + 0*l + 1/6*l**4 - 12*l**2 - 11/6*l**3. Let j be o(3). Let q(t) = -t**3 + 3*t**2 - 2*t + 1. Give q(j).
1
Let c(z) = -11*z + 39. Suppose -1 = -231*q + 234*q + 5*p, -3 = -3*q - 3*p. Determine c(q).
6
Let l(y) = 1 + 4 - y**2 + 0 - 412*y + 421*y. Let r(c) = 2*c**3 + 27*c**2 + 205. Let m be r(-14). Give l(m).
5
Suppose -17*m + 130 = -74. Suppose m*b - 18*b + 72 = 0. Let d(w) = -2*w + 18. Determine d(b).
-6
Let w(c) = -c - 5. Suppose 78 = -t + 107. Suppose -t = x - 17. Give w(x).
7
Let x(m) = m**3 + 3*m**2 + 3*m + 1. Let y = 11858 - 11859. Calculate x(y).
0
Let v = -2026 - -2031. Let m(f) = -2*f**2 + 15*f - 25. What is m(v)?
0
Let u(h) = 28*h**3 - 4*h**2 - 4*h + 1. Let l(o) = -o**2 - o. Let d(m) = 4*l(m) - u(m). Let i be (-40 - -42)/(2/1). What is d(i)?
-29
Suppose 5*b - 27 = 2*c, 6*c - c = 2*b + 6. Let l(u) = 0 + 28 - 8*u + u - 12. Let p(t) = 8*t - 17. Let g(w) = b*l(w) + 6*p(w). Give g(7).
3
Suppose 0*n + 4*k + 168 = 4*n, -5*k = -2*n + 99. Suppose 3*l + 17 + 79 = 0. Let o = n + l. Let u(x) = 2*x**2 - 5*x - 6. Determine u(o).
19
Let z(x) = x**2 - 8*x - 3. Suppose -5*u - 24*u = -928. Suppose -41*w + u*w + 81 = 0. Calculate z(w).
6
Let i(z) be the first derivative of 0*z - 1/2*z**2 + 26. Suppose -k = -4*k - 15. Determine i(k).
5
Let f(n) be the first derivative of -17*n**6/120 - n**5/30 + n**3/6 + 20*n**2 + 55. Let y(z) be the second derivative of f(z). Calculate y(1).
-18
Let b(t) = -3*t. Let u(n) = -16*n + 3. Let p(y) = -2*b(y) - u(y). Give p(2).
41
Let t(m) = 742*m + 3700. Let x be t(-5). Let o(c) = 15*c + 147. What is o(x)?
-3
Let z(x) = -12 + 2*x + 20 + 2*x. Let l(m) = 17*m. Let v(s) = -10*s. Let d(p) = 3*l(p) + 5*v(p). Let t(j) = 2*d(j) - z(j). Calculate t(-6).
4
Let j(h) = -11*h**2 - 13*h**2 - 11 + 39*h**2 - 14*h**2 + 25 + 8*h. Calculate j(-3).
-1
Suppose -13*c + 0*c = -39. Suppose -4*t - 1 = 5*p, -c*t + 1 = t + 3*p. Let y(l) = 5*l**3 - l. Give y(t).
4
Suppose -3*h - 5*q + 86 = 0, -h - q + 55 = h. Let b be h/5 - 6/15. Let m(c) = c**2 - 6*c + 5. What is m(b)?
0
Let s = 5251 + -5248. Let v(r) = -r**3 + 5*r**2 - 7*r - 3. Determine v(s).
-6
Let d be 194/(-18) + (-4)/18. Suppose 0 = 30*k + 5*k + 595. Let s(a) = -3*a**2 - 2*a - 53. Let n(g) = -g**2 - 18. Let b(i) = k*n(i) + 6*s(i). Determine b(d).
-1
Let s(m) be the first derivative of m**4/4 - 22*m**3/3 - m**2/2 + 13*m - 2594. Determine s(22).
-9
Suppose 52*r + 109*r = 0. Let p(k) = 4*k**2 + 1 - 4 - 5*k**2 - 1 + k. Determine p(r).
-4
Let j(y) = 6*y + 2. Let f be (6/(-15))/(7/(-35)). Suppose -4*q - 4*p = -8, -p + 14 = f*q - 7*q. Calculate j(q).
-10
Let v(b) be the third derivative of 0 + 1/2*b**3 + 1/60*b**5 - 16*b**2 - 1/6*b**4 + 0*b. Let x = -129 + 133. Determine v(x).
3
Let c(v) = v**3 + 4*v**2 - v - 2. Let u = 88 + -72. Let w be u/(-20)*(-25)/(-5). Give c(w).
2
Suppose 4*l - 5*c + 20 = -4, 4*l - 3*c = -16. Let k(x) be the second derivative of -4*x**5/5 - x**2/2 - 47*x - 12. Determine k(l).
15
Let z(w) be the second derivative of -w**4/6 - 25*w**3/6 - 5*w**2 - 10*w. Let j be z(-12). Let c(l) = 2*l**2 - l**j + 1 + 343*l - 337*l. Calculate c(-4).
-7
Suppose u + 7 = 15. Let x(f) = 6*f - f + 2*f**2 + u - 3*f - 4*f**2. Let o(t) = 4*t**2 - 5*t - 17. Let s(c) = -6*o(c) - 13*x(c). Determine s(-4).
14
Let d(o) = 2*o - 16. Let c be (90/(8/(-4)))/((-6)/4). Let l be (-10)/4 + 0 + c/4. Determine d(l).
-6
Let j(n) = 2*n**2 - 6*n + 16. Let h(p) = -2*p**2 + 6*p - 18. Let g(a) = 6*h(a) + 7*j(a). Suppose 0*m = 4*m - 16. Determine g(m).
12
Let r be -4 - ((-40)/(-50) + (-2)/(-10)). Let t be (-7)/((-98)/(-12))*(r - 2). Let v(q) = 2*q**2 - 4*q**3 + 8*q + 3*q**3 - 9 + 3*q**2. Give v(t).
3
Let v(w) = -w**2 + 7*w + 12. Let m be v(8). Let r(h) = 0*h - h**3 + 3*h - h + m*h**2 - 7*h**2. Determine r(-3).
-6
Suppose -4*w = -386*c + 391*c + 68, -58 = 4*c + 5*w. Let a(i